e
Is 17139113 composite?
False
Is 17719033 prime?
True
Is 103429 a prime number?
False
Is 8556959 composite?
False
Is 378837157 composite?
False
Is 4188713 prime?
True
Is 137140021 composite?
False
Is 51631469 a composite number?
True
Is 15317662 a prime number?
False
Is 131902 a prime number?
False
Is 15098819 composite?
False
Is 1104505 a prime number?
False
Is 1483507 a composite number?
False
Is 133597691 a composite number?
True
Is 6197023 a composite number?
True
Is 3316321 a composite number?
False
Is 9913721 a composite number?
False
Is 160301791 composite?
True
Is 47795537 a composite number?
False
Is 26007281 a composite number?
True
Is 1373867 a prime number?
False
Is 2752787 a composite number?
False
Is 22900531 a composite number?
False
Is 4228463 prime?
False
Is 30663221 composite?
False
Is 1436527 a prime number?
True
Is 3489169 a prime number?
False
Is 45186703 prime?
True
Is 3298367 composite?
False
Is 1352191 a composite number?
False
Is 361381 a composite number?
True
Is 5015651 prime?
False
Is 263897943 composite?
True
Is 59672471 a composite number?
True
Is 2635583 a composite number?
False
Is 30308989 a prime number?
False
Is 20162243 a composite number?
True
Is 103318013 a composite number?
False
Is 20091923 composite?
False
Is 92127605 prime?
False
Is 3354017 prime?
True
Is 4942277 a composite number?
True
Is 778507 composite?
False
Is 450609061 composite?
True
Is 10394201 prime?
False
Is 844273 prime?
False
Is 78695047 prime?
False
Is 239744839 prime?
True
Is 46898873 prime?
False
Is 8637149 a prime number?
False
Is 564684763 prime?
False
Is 3081957 a composite number?
True
Is 61326974 a prime number?
False
Is 18048809 composite?
False
Is 121045502 composite?
True
Is 61304303 a composite number?
False
Is 102915686 a composite number?
True
Is 26497745 prime?
False
Is 32904805 composite?
True
Is 12696947 prime?
True
Is 537855961 composite?
False
Is 183437 a prime number?
True
Is 334657019 a prime number?
False
Is 8870171 composite?
True
Is 5449159 prime?
True
Is 116926951 composite?
True
Is 1189789 a composite number?
False
Is 5522677 a composite number?
False
Is 1425142973 composite?
False
Is 195031 a composite number?
True
Is 747203 a composite number?
False
Is 5604583 a prime number?
False
Is 430684781 a prime number?
False
Is 183089 composite?
False
Is 1176943883 prime?
True
Is 227592503 prime?
True
Is 131626337 composite?
True
Is 335514273 prime?
False
Is 53512099 a prime number?
False
Is 373537 a prime number?
False
Is 479973947 prime?
True
Is 36934267 a prime number?
False
Is 877237 a prime number?
True
Is 47198873 a prime number?
True
Is 137283079 a composite number?
True
Is 35043269 a composite number?
False
Is 3638521 composite?
False
Is 54593731 a prime number?
True
Is 12473599 a composite number?
False
Is 16310891 prime?
True
Is 48607213 composite?
False
Is 31384303 a composite number?
True
Is 71111033 prime?
False
Is 292901 a composite number?
True
Is 124995833 a composite number?
False
Is 369186149 a composite number?
True
Is 9058618 prime?
False
Is 855221 composite?
False
Is 1071293 a prime number?
False
Is 1506481 composite?
True
Is 2939 composite?
False
Is 95188381 a composite number?
False
Is 32635357 prime?
True
Is 274257869 composite?
False
Is 1738651 composite?
False
Is 15011389 a prime number?
True
Is 316991 a prime number?
True
Is 69756431 prime?
True
Is 59493943 a composite number?
True
Is 3253013 prime?
True
Is 1932293 composite?
True
Is 1968789 composite?
True
Is 7930757 a prime number?
True
Is 478881134 prime?
False
Is 2245174 a prime number?
False
Is 1135261 a composite number?
False
Is 42029051 a prime number?
True
Is 198129803 a prime number?
True
Is 78106219 a prime number?
False
Is 4868107 prime?
True
Is 1885248793 prime?
True
Is 12556997 a composite number?
False
Is 17729119 composite?
False
Is 5291119 composite?
True
Is 12706955 a composite number?
True
Is 767920949 a prime number?
True
Is 156959507 a prime number?
True
Is 21143173 a prime number?
False
Is 8854351 composite?
True
Is 3771749 a prime number?
True
Is 27116711 prime?
False
Is 4357777 composite?
False
Is 3562379 a composite number?
True
Is 273107 prime?
True
Is 1596641 a prime number?
True
Is 3312237 composite?
True
Is 9750239 a prime number?
True
Is 4376005 composite?
True
Is 103387 a composite number?
False
Is 20522849 composite?
False
Is 12015427 prime?
True
Is 7047949 a prime number?
False
Is 11734249 a composite number?
False
Is 66362561 a prime number?
True
Is 703343 a composite number?
True
Is 14669591 prime?
True
Is 12694807 prime?
False
Is 26527393 composite?
False
Is 2378423 a prime number?
True
Is 2785157 a composite number?
False
Is 7830913 a composite number?
False
Is 2086283 prime?
False
Is 45926689 a composite number?
False
Is 6828451 prime?
False
Is 5880841 prime?
True
Is 47344837 a composite number?
True
Is 86768221 prime?
False
Is 353554 a composite number?
True
Is 1203231 prime?
False
Is 325117421 prime?
True
Is 2375441 a prime number?
False
Is 857052281 prime?
True
Is 518863 composite?
False
Is 11981297 composite?
False
Is 4718497 a composite number?
True
Is 86185877 composite?
False
Is 3761255 prime?
False
Is 9733121 prime?
True
Is 14020751 a prime number?
False
Is 156419 a composite number?
False
Is 33276207 a prime number?
False
Is 335996481 composite?
True
Is 12583379 a prime number?
True
Is 2480864647 composite?
False
Is 47761751 a composite number?
False
Is 139995263 composite?
True
Is 11286269 a composite number?
False
Is 1258811 a composite number?
False
Is 5679701 prime?
True
Is 1741343 a composite number?
True
Is 38934019 a prime number?
True
Is 5230561 composite?
True
Is 8428909 a composite number?
False
Is 648091959 a prime number?
False
Is 6497551 a prime number?
False
Is 59916343 composite?
True
Is 18473717 prime?
True
Is 17613799 prime?
False
Is 19293809 a composite number?
False
Is 14382127 prime?
True
Is 6863153 a prime number?
False
Is 19593839 a composite number?
False
Is 31124881 a composite number?
True
Is 13868051 a prime number?
True
Is 25984157 composite?
False
Is 13839941 prime?
True
Is 2557957 composite?
False
Is 1545671 composite?
True
Is 22494419 composite?
True
Is 98029 a prime number?
False
Is 7846939 prime?
True
Is 1288487 a composite number?
False
Is 2205457 a prime number?
False
Is 18083847 composite?
True
Is 50812339 prime?
True
Is 7925173 a prime number?
True
Is 499334167 a composite number?
True
Is 1485083 composite?
True
Is 355779499 composite?
True
Is 820459 a composite number?
False
Is 6524227 prime?
True
Is 13534607 composite?
True
Is 622381 composite?
True
Is 96611 a prime number?
False
Is 4586633 a composite number?
False
Is 13680403 prime?
False
Is 1629979 prime?
False
Is 35686811 prime?
False
Is 56230103 a composite number?
False
Is 162443737 a composite number?
True
Is 369064087 a composite number?
True
Is 6289037 composite?
False
Is 1038496495 a prime number?
False
Is 1335769 a composite number?
True
Is 819437 a composite number?
False
Is 77707771 prime?
False
Is 8196137 a composite number?
False
Is 25390247 a prime number?
False
Is 131855869 prime?
True
Is 103317301 a prime number?
True
Is 84034787 prime?
True
Is 58169663 a prime number?
True
Is 269566093 composite?
True
Is 68729 a prime number?
True
Is 21599891 composite?
True
Is 147807131 a prime number?
False
Is 435000301 prime?
False
Is 6285841 a prime number?
True
Is 2229503 a composite number?
False
Is 327122 a prime number?
False
Is 961426 composite?
True
Is 71393479 a prime number?
False
Is 55617527 composite?
True
Is 18671231 a composite number?
True
Is 11331167 a composite number?
False
Is 4841443 composite?
True
Is 2614987 composite?
False
Is 39626791 a prime number?
True
Is 542865905 composite?
True
Is 10291399 a prime number?
True
Is 41379053 composite?
False
Is 149468201 a prime number?
True
Is 222411881 a prime number?
False
Is 23718803 a composite number?
False
Is 132557 a prime number?
False
Is 48100033 a composite number?
False
Is 838898 a composite number?
True
Is 1938711 prime?
False
Is 44953 composite?
False
Is 4458043 prime?
True
Is 10184579 composite?
False
Is 246429593 prime?
True
Is 10211713 prime?
False
Is 6683198 a prime number?
False
Is 1366187 a prime number?
True
Is 4059527 p